 digit of x?
8
Let o = -58 - -58. Suppose -720 = -10*s - o*s. What is the units digit of s?
2
Suppose -4*x + 2168 = -2*g, -9*x = -13*x - 5*g + 2196. What is the tens digit of x?
4
Suppose -5*b = 5*q - 41 + 1, 0 = b - 1. Suppose -215 = q*u - 2*u. Let x = -25 - u. What is the units digit of x?
8
Let d(b) be the first derivative of -4*b + 9 - 1/3*b**3 + 13/2*b**2. What is the units digit of d(7)?
8
Let b be (1*-1)/((-1)/26). Let m = b + -13. Suppose 0 = -5*t + i + 16, m = t + i + 5. What is the units digit of t?
4
Let c(t) = 56*t + 20. Let y be c(7). Suppose -4*j = 2*g - 102, 3*j + y = 5*g + 118. What is the units digit of g?
7
Suppose -800 - 558 = -2*r. What is the units digit of r?
9
Suppose 0 = 4*t + y - 204, 3*t = y + 149 + 4. What is the tens digit of t?
5
Let r be (-25)/(-9) + (-4)/(-18). Suppose 3*q + 15 = 2*w - 3*w, 2*w + r*q = -15. Suppose -2*b + 4 + 38 = w. What is the tens digit of b?
2
Suppose -5*w + 7*w = 10. Suppose w*y - 896 = 104. What is the tens digit of y?
0
Suppose -o = 2*l + 9, 0 = -2*o - o - 5*l - 27. Let k(y) be the second derivative of y**4/12 + y**3 + 13*y**2/2 - y. What is the tens digit of k(o)?
4
Let v = -113 - -449. Suppose 5*j + 3*j - v = 0. What is the units digit of j?
2
Let n(m) be the second derivative of 17*m**3/6 + m**2 - 11*m. What is the tens digit of n(3)?
5
Suppose -o + 459 = 42. What is the hundreds digit of o?
4
Suppose -j = -3*k - 15, 0*j + 5*k = -j - 1. What is the units digit of j?
9
What is the hundreds digit of (4766/(-8))/((266/56)/(-19))?
3
Suppose 0 = -0*f - f + 15. Suppose 3 + f = 3*c. Let j(a) = 3*a + 5. What is the tens digit of j(c)?
2
Suppose -3*d - 4*q - 38 + 1082 = 0, 1382 = 4*d + 2*q. What is the hundreds digit of d?
3
Let c(m) = -49*m + 103. What is the units digit of c(-7)?
6
Let c = -8 + 23. Suppose -4*v = -0*v + 5*i - c, 0 = -2*v + 2*i - 6. What is the tens digit of (17 - v) + (4 - 2)?
1
Suppose -71*s = -82*s + 4081. What is the units digit of s?
1
Suppose 0 = 2*v + 3*y - 2*y - 2, y = 2*v - 10. Suppose 0 = 5*b + 4*a - 25, -2*b - 3*a + 20 - v = 0. What is the units digit of (-22 + b)/((-6)/4)?
4
Suppose 3*j = 331 + 14. What is the tens digit of j?
1
Suppose 0 = -2*i + w - 189 + 491, -604 = -4*i + 4*w. Suppose -j - 9*r + 95 = -5*r, -5*r = -2*j + i. What is the tens digit of j?
8
What is the units digit of 1/10 - (-1206688)/320?
1
Suppose -j = -5 + 17. Let h be 0 + 0*4/j. Suppose h = 2*s - 0*s - 22. What is the tens digit of s?
1
Let m(j) = -96*j**2 - 2*j - 1. Let t be m(-1). Let k = -65 - t. What is the tens digit of (25/(-15))/((-2)/k)?
2
Let u be 8 + -1 + 0 + -3. Suppose 0 = 5*w - 20, -u*w = -5*p - 11 - 5. What is the units digit of (8 - 5) + p + 54?
7
Let a(w) = -4*w**2 + 10*w - 20. Let f be a(6). Let i = 230 + f. What is the hundreds digit of i?
1
Let x = 9 + -4. Suppose -2*d = 2*f, 3*d = -x*f + 3 + 1. Suppose -5*s + 3*p - 2*p = -96, 93 = 5*s + f*p. What is the tens digit of s?
1
Let y be -133 + (-1 - (4 - 9)). Let v = y + 252. What is the units digit of v?
3
Let g(t) = -160*t + 438. What is the thousands digit of g(-15)?
2
Let k(g) = -g**3 + 4*g**2 + 13*g - 9. Let y be k(6). Let w(u) = -51*u - 1. What is the hundreds digit of w(y)?
1
Let q = 10 - 5. Suppose -4*y - y = x - 567, -y = q*x - 99. Suppose 2*k = -4*c + 24, y - 48 = 4*k + 2*c. What is the units digit of k?
8
Let a = 4923 - 2351. What is the thousands digit of a?
2
Let u be 2/6*(6 - 0). Suppose o - 2 = -u*q, o - 3*o = -q - 4. What is the tens digit of (21 - o) + 3 + -5?
1
Let d = 361 + -358. Let f = 11 + -8. Suppose -f*s = 4*y + s - 92, -d*s = 5*y - 107. What is the tens digit of y?
1
Suppose 44*y = 37753 - 12761. What is the units digit of y?
8
Let s be (7 + -9)/(3/6). What is the tens digit of (-112)/s + 0 + 0?
2
Let q(n) = 10*n**2 - 35*n - 180. What is the tens digit of q(-5)?
4
Let u be (6/(-4))/((-21)/(-28)). Let d = -10 + 54. What is the tens digit of 8/4 - d/u?
2
Let c(k) = 489*k + 287. What is the tens digit of c(7)?
1
Let o = 22 - 31. What is the units digit of 47 + 1 + -2 + o/9?
5
Let c be 11 - 5 - 1*3. What is the units digit of c/(-4)*(-64)/24?
2
Let z(p) = -3*p**2 + 4*p - 1. Let l be z(3). Let a = -3 + l. Let y = 38 + a. What is the tens digit of y?
1
Let i be (-52)/24*6/(-1). Suppose -5*g = 2*c + c + 16, i = c - 2*g. What is the units digit of c?
3
Suppose 10 = 5*i, -5*m - 6*i + 2201 = -3*i. What is the units digit of m?
9
Suppose 110*w - 107*w = 159. What is the units digit of w?
3
Let o(n) = -1. Let m(d) = 4*d - 7. Suppose 5*u = 4*z + 40, u + 6 = 2*z + 5*u. Let c(a) = z*o(a) + m(a). What is the tens digit of c(3)?
1
Let y = 13 - 10. What is the units digit of y + 3 + -3 - -85?
8
Let p be (2/(-6))/((-20)/(-60)). What is the units digit of (p - 1*-69) + 3?
1
Let u(m) = -m**3 - 12*m**2 + 19*m. What is the units digit of u(-17)?
2
Let q(z) = -3*z**2 - 2*z + 3. Let o be q(2). Let i = o + -11. What is the units digit of i/(3*4/(-16))?
2
Let b be 4 + 1*(-4 - -13). Let n = 10 - b. What is the tens digit of n*-12*(-4 + 5)?
3
Let l be (-3)/((-7)/(-4) + -2). Suppose -3*g - g = -2*k + 16, 3*g = -3*k - l. Suppose -4*s = -k*s - 168. What is the units digit of s?
2
Suppose 5*c + 1 = -29. What is the hundreds digit of 1641/15 + (-4)/(40/c)?
1
Suppose 4*h + 792 = 2640. Suppose -11*m = 3*m - h. What is the tens digit of m?
3
Let k(q) = 1 - 4*q + 2*q - q**2 + 4*q. Let o be k(3). Let j = 40 - o. What is the tens digit of j?
4
Suppose 3*w = -5*z + 1948, -3*z - w = 2*w - 1164. Let v = z - 277. What is the hundreds digit of v?
1
What is the tens digit of 3442 - (-7 + -12 + 12)?
4
Let j be (9 + 0)/((-12)/(-32)). Let q = j - 18. What is the units digit of q?
6
Suppose -7*s + 1932 = -0*s. What is the hundreds digit of s?
2
What is the units digit of (13/(-65))/(4/(-16760))?
8
Let x(d) = -2*d**3 + 31*d**2 + 12*d - 3. What is the tens digit of x(15)?
0
Suppose 3*x - 4*d = -10, 2*x - 4*d = 4*x. Let y = 4 + x. Suppose -6*s = -y*r - 2*s + 52, 0 = -3*r + 4*s + 80. What is the units digit of r?
8
Let v = 2883 + -751. What is the hundreds digit of v?
1
Suppose 4*j - 23 = -7, 0 = 4*y - 4*j - 5864. What is the thousands digit of y?
1
Suppose 2520 = 22*h - 2672. What is the units digit of h?
6
Let k(v) = 4*v - 46. Let h be k(7). What is the tens digit of h/30 - (-1626)/10?
6
Let d be (-8)/(-3) + 8/(-12). Let r(k) = -k**3 + 11*k**2 + 12*k - 1. Let o be r(12). Let t = d - o. What is the units digit of t?
3
Let n be 0/((-10)/(-5)) - 5. What is the units digit of (6/n)/((-8)/520)?
8
Suppose -2*f - 39 = -3*f. Suppose -5*j + f = 4*h, 0*h = 3*h + 5*j - 33. What is the units digit of (-3 + h)*(-4)/(-6)?
2
Let h(y) = y**3 - 7*y**2 - 8*y + 12. Let n = -61 - -89. Suppose -c - n = -4*l, -l = -5*c + c + 8. What is the units digit of h(l)?
2
Let g be (-2)/4*((-18)/6 + -3). Suppose -g*k = -6*k + 117. What is the tens digit of k?
3
Let h = -27 - -32. Suppose 5*w + 178 = 3*k, -4*k + h*w + 239 = -0*w. What is the tens digit of k?
6
Let i(s) = s**2 - 18*s + 28. Let q be i(16). What is the units digit of (-13)/(-2) - q/8?
7
Let d(a) = -7*a - 5. Let z be d(-5). Suppose 3*p + 135 = 3*l, -l = 5*p - 3*p - z. What is the units digit of l?
0
Let a be 3/7 + (-8576)/(-112). What is the tens digit of 4/(-7) + 4972/a?
6
Suppose -94*q + 93*q + 824 = 0. What is the tens digit of q?
2
Let g(q) = -1. Let w(r) = -2*r**2 + 3*r - 14. Let j(h) = 4*g(h) - w(h). What is the units digit of j(7)?
7
Suppose 0*s - 9 = -3*s, 3*d = -5*s + 24. Suppose d*l = l - 4*y + 60, -y = 2. What is the tens digit of l?
3
Let y = -133 - -137. What is the units digit of y?
4
Let w(q) = -125*q + 55. What is the units digit of w(-3)?
0
Let j(i) = -8*i**3 - 4*i**2 - 2*i + 9. Let h be j(4). What is the units digit of (8/(-10))/((-1145)/h - 2)?
2
Suppose -5*z + 8*z + 3 = 0. Let b be (1 + 3 - 2)*z. What is the units digit of 25 + (3 - (-12)/b)?
2
Let p(l) be the third derivative of l**5/60 + l**4/12 - 3*l**3 - 13*l**2. What is the hundreds digit of p(10)?
1
Suppose -8*l - 5*a = -4*l - 404, 303 = 3*l + 2*a. What is the units digit of l?
1
Suppose 10863 = 14*l - 2157. What is the units digit of l?
0
Let v(d) = -d**3 + 4*d - 4. Let s = -63 - -60. What is the units digit of v(s)?
1
Let l(t) = -t**3 - 3*t**2 + 3. Let x be l(-3). Let s(d) = 6 - x - 6 - 4*d. What is the tens digit of s(-4)?
1
Let x be (-2)/10 + 1